{"id":2,"date":"2006-06-27T10:13:01","date_gmt":"2006-06-27T08:13:01","guid":{"rendered":""},"modified":"2018-08-15T11:59:07","modified_gmt":"2018-08-15T09:59:07","slug":"uber","status":"publish","type":"page","link":"https:\/\/www.areal-blum.ch\/wordpress\/?page_id=2","title":{"rendered":"Mieter"},"content":{"rendered":"<p>In dieser Rubrik finden Sie:<\/p>\n<ul>\n<li>unsere <a href=\"https:\/\/www.areal-blum.ch\/wordpress\/?page_id=3\">Angebote<\/a><\/li>\n<li>Infos zu: was braucht es f\u00fcr einen <a href=\"https:\/\/www.areal-blum.ch\/wordpress\/?page_id=47\">Mietvertrag<\/a>?<\/li>\n<li>die meistgestellten Fragen (<a href=\"https:\/\/www.areal-blum.ch\/wordpress\/?page_id=50\">FAQ<\/a>) zum areal blum<\/li>\n<li>ein Bestellformular f\u00fcr <a href=\"https:\/\/www.areal-blum.ch\/wordpress\/?page_id=52\">Einzahlungsscheine<\/a><\/li>\n<li>ein Formular zur <a href=\"https:\/\/www.areal-blum.ch\/wordpress\/?page_id=43\">Platzanfrage<\/a> f\u00fcr Neuintressenten<\/li>\n<li>das Muster eines <a title=\"Mustervertrag\" href=\"https:\/\/www.areal-blum.ch\/wordpress\/wp-content\/uploads\/2011\/06\/mustervertrag.pdf\" target=\"_blank\" rel=\"noopener\">Mietvertrags<\/a><\/li>\n<\/ul>\n","protected":false},"excerpt":{"rendered":"<p>In dieser Rubrik finden Sie: unsere Angebote Infos zu: was braucht es f\u00fcr einen Mietvertrag? die meistgestellten Fragen (FAQ) zum areal blum ein Bestellformular f\u00fcr Einzahlungsscheine ein Formular zur Platzanfrage f\u00fcr Neuintressenten das Muster eines Mietvertrags<\/p>\n<p class=\"more-link-p\"><a class=\"btn btn-primary\" href=\"https:\/\/www.areal-blum.ch\/wordpress\/?page_id=2\">mehr &#8230;<\/a><\/p>\n","protected":false},"author":1,"featured_media":0,"parent":0,"menu_order":0,"comment_status":"closed","ping_status":"closed","template":"","meta":{"jetpack_post_was_ever_published":false,"footnotes":""},"class_list":["post-2","page","type-page","status-publish","hentry"],"jetpack_sharing_enabled":true,"jetpack_shortlink":"https:\/\/wp.me\/P2UJUG-2","_links":{"self":[{"href":"https:\/\/www.areal-blum.ch\/wordpress\/index.php?rest_route=\/wp\/v2\/pages\/2"}],"collection":[{"href":"https:\/\/www.areal-blum.ch\/wordpress\/index.php?rest_route=\/wp\/v2\/pages"}],"about":[{"href":"https:\/\/www.areal-blum.ch\/wordpress\/index.php?rest_route=\/wp\/v2\/types\/page"}],"author":[{"embeddable":true,"href":"https:\/\/www.areal-blum.ch\/wordpress\/index.php?rest_route=\/wp\/v2\/users\/1"}],"replies":[{"embeddable":true,"href":"https:\/\/www.areal-blum.ch\/wordpress\/index.php?rest_route=%2Fwp%2Fv2%2Fcomments&post=2"}],"version-history":[{"count":9,"href":"https:\/\/www.areal-blum.ch\/wordpress\/index.php?rest_route=\/wp\/v2\/pages\/2\/revisions"}],"predecessor-version":[{"id":946,"href":"https:\/\/www.areal-blum.ch\/wordpress\/index.php?rest_route=\/wp\/v2\/pages\/2\/revisions\/946"}],"wp:attachment":[{"href":"https:\/\/www.areal-blum.ch\/wordpress\/index.php?rest_route=%2Fwp%2Fv2%2Fmedia&parent=2"}],"curies":[{"name":"wp","href":"https:\/\/api.w.org\/{rel}","templated":true}]}}