{"id":56,"date":"2011-06-23T16:50:02","date_gmt":"2011-06-23T14:50:02","guid":{"rendered":"http:\/\/www.areal-blum.ch\/wordpress\/?page_id=56"},"modified":"2014-03-13T00:50:55","modified_gmt":"2014-03-12T23:50:55","slug":"frontstapler","status":"publish","type":"page","link":"https:\/\/www.areal-blum.ch\/wordpress\/?page_id=56","title":{"rendered":"Frontstapler"},"content":{"rendered":"<p>Die technischen Daten zu diesem Ger\u00e4t:<\/p>\n<ul>\n<li>Marke: Toyota<\/li>\n<li>Typ: 5 FD-70<\/li>\n<li>Tragkraft: 7 to<\/li>\n<li>Hubh\u00f6he: 4.30m<\/li>\n<li>Bauh\u00f6he: 2.70m<\/li>\n<li>Hubger\u00fcst: Triplex-Vollfreihub mit Seitenschieber<\/li>\n<li>Gabell\u00e4nge: 1.20m<\/li>\n<\/ul>\n<p>Der Frontstapler ist f\u00fcr den Strassenverkehr zugelassen. Die Erfassung der zu verrechnenden Zeit erfolgt elektronisch mittels eines ber\u00fchrungslosen Badges.<\/p>\n<p style=\"text-align: center;\"><img data-recalc-dims=\"1\" loading=\"lazy\" decoding=\"async\" data-attachment-id=\"696\" data-permalink=\"https:\/\/www.areal-blum.ch\/wordpress\/?attachment_id=696\" data-orig-file=\"https:\/\/i0.wp.com\/www.areal-blum.ch\/wordpress\/wp-content\/uploads\/2011\/06\/areal_logo_small.png?fit=151%2C152&amp;ssl=1\" data-orig-size=\"151,152\" data-comments-opened=\"1\" data-image-meta=\"{&quot;aperture&quot;:&quot;0&quot;,&quot;credit&quot;:&quot;&quot;,&quot;camera&quot;:&quot;&quot;,&quot;caption&quot;:&quot;&quot;,&quot;created_timestamp&quot;:&quot;0&quot;,&quot;copyright&quot;:&quot;&quot;,&quot;focal_length&quot;:&quot;0&quot;,&quot;iso&quot;:&quot;0&quot;,&quot;shutter_speed&quot;:&quot;0&quot;,&quot;title&quot;:&quot;&quot;}\" data-image-title=\"areal_logo_small\" data-image-description=\"\" data-image-caption=\"\" data-medium-file=\"https:\/\/i0.wp.com\/www.areal-blum.ch\/wordpress\/wp-content\/uploads\/2011\/06\/areal_logo_small.png?fit=151%2C152&amp;ssl=1\" data-large-file=\"https:\/\/i0.wp.com\/www.areal-blum.ch\/wordpress\/wp-content\/uploads\/2011\/06\/areal_logo_small.png?fit=151%2C152&amp;ssl=1\" tabindex=\"0\" role=\"button\" class=\"alignnone size-full wp-image-696\" alt=\"areal_logo_small\" src=\"https:\/\/i0.wp.com\/www.areal-blum.ch\/wordpress\/wp-content\/uploads\/2011\/06\/areal_logo_small.png?resize=50%2C50&#038;ssl=1\" width=\"50\" height=\"50\" srcset=\"https:\/\/i0.wp.com\/www.areal-blum.ch\/wordpress\/wp-content\/uploads\/2011\/06\/areal_logo_small.png?w=151&amp;ssl=1 151w, https:\/\/i0.wp.com\/www.areal-blum.ch\/wordpress\/wp-content\/uploads\/2011\/06\/areal_logo_small.png?resize=98%2C98&amp;ssl=1 98w\" sizes=\"(max-width: 50px) 100vw, 50px\" \/><\/p>\n<p>Wir <strong>vermieten<\/strong> den Frontstapler gerne zu den folgenden Konditionen:<\/p>\n<ul>\n<li>Betriebsstd. ohne Fahrer zu CHF 90.- pro Std *<\/li>\n<li>Betriebsstd. mit Fahrer zu CHF 150.- pro Std<\/li>\n<\/ul>\n<p>* Bitte beachten Sie: der Lenker des Frontstaplers muss versicherungstechnisch und von Gesetzes wegen \u00fcber eine Staplerpr\u00fcfung verf\u00fcgen.<\/p>\n\n","protected":false},"excerpt":{"rendered":"<p>Die technischen Daten zu diesem Ger\u00e4t: Marke: Toyota Typ: 5 FD-70 Tragkraft: 7 to Hubh\u00f6he: 4.30m Bauh\u00f6he: 2.70m Hubger\u00fcst: Triplex-Vollfreihub mit Seitenschieber Gabell\u00e4nge: 1.20m Der Frontstapler ist f\u00fcr den Strassenverkehr zugelassen. Die Erfassung der zu verrechnenden Zeit erfolgt elektronisch mittels&hellip;<\/p>\n<p class=\"more-link-p\"><a class=\"btn btn-primary\" href=\"https:\/\/www.areal-blum.ch\/wordpress\/?page_id=56\">mehr &#8230;<\/a><\/p>\n","protected":false},"author":1,"featured_media":0,"parent":4,"menu_order":0,"comment_status":"closed","ping_status":"closed","template":"","meta":{"jetpack_post_was_ever_published":false,"footnotes":""},"class_list":["post-56","page","type-page","status-publish","hentry"],"jetpack_sharing_enabled":true,"jetpack_shortlink":"https:\/\/wp.me\/P2UJUG-U","_links":{"self":[{"href":"https:\/\/www.areal-blum.ch\/wordpress\/index.php?rest_route=\/wp\/v2\/pages\/56"}],"collection":[{"href":"https:\/\/www.areal-blum.ch\/wordpress\/index.php?rest_route=\/wp\/v2\/pages"}],"about":[{"href":"https:\/\/www.areal-blum.ch\/wordpress\/index.php?rest_route=\/wp\/v2\/types\/page"}],"author":[{"embeddable":true,"href":"https:\/\/www.areal-blum.ch\/wordpress\/index.php?rest_route=\/wp\/v2\/users\/1"}],"replies":[{"embeddable":true,"href":"https:\/\/www.areal-blum.ch\/wordpress\/index.php?rest_route=%2Fwp%2Fv2%2Fcomments&post=56"}],"version-history":[{"count":45,"href":"https:\/\/www.areal-blum.ch\/wordpress\/index.php?rest_route=\/wp\/v2\/pages\/56\/revisions"}],"predecessor-version":[{"id":702,"href":"https:\/\/www.areal-blum.ch\/wordpress\/index.php?rest_route=\/wp\/v2\/pages\/56\/revisions\/702"}],"up":[{"embeddable":true,"href":"https:\/\/www.areal-blum.ch\/wordpress\/index.php?rest_route=\/wp\/v2\/pages\/4"}],"wp:attachment":[{"href":"https:\/\/www.areal-blum.ch\/wordpress\/index.php?rest_route=%2Fwp%2Fv2%2Fmedia&parent=56"}],"curies":[{"name":"wp","href":"https:\/\/api.w.org\/{rel}","templated":true}]}}

<p>Die technischen Daten zu diesem Gerät:</p>
<ul>
<li>Marke: Toyota</li>
<li>Typ: 5 FD-70</li>
<li>Tragkraft: 7 to</li>
<li>Hubhöhe: 4.30m</li>
<li>Bauhöhe: 2.70m</li>
<li>Hubgerüst: Triplex-Vollfreihub mit Seitenschieber</li>
<li>Gabellänge: 1.20m</li>
</ul>
<p>Der Frontstapler ist für den Strassenverkehr zugelassen. Die Erfassung der zu verrechnenden Zeit erfolgt elektronisch mittels eines berührungslosen Badges.</p>
<p style="text-align: center;"><img data-recalc-dims="1" loading="lazy" decoding="async" data-attachment-id="696" data-permalink="https://www.areal-blum.ch/wordpress/?attachment_id=696" data-orig-file="https://i0.wp.com/www.areal-blum.ch/wordpress/wp-content/uploads/2011/06/areal_logo_small.png?fit=151%2C152&amp;ssl=1" data-orig-size="151,152" data-comments-opened="1" data-image-meta="{&quot;aperture&quot;:&quot;0&quot;,&quot;credit&quot;:&quot;&quot;,&quot;camera&quot;:&quot;&quot;,&quot;caption&quot;:&quot;&quot;,&quot;created_timestamp&quot;:&quot;0&quot;,&quot;copyright&quot;:&quot;&quot;,&quot;focal_length&quot;:&quot;0&quot;,&quot;iso&quot;:&quot;0&quot;,&quot;shutter_speed&quot;:&quot;0&quot;,&quot;title&quot;:&quot;&quot;}" data-image-title="areal_logo_small" data-image-description="" data-image-caption="" data-medium-file="https://i0.wp.com/www.areal-blum.ch/wordpress/wp-content/uploads/2011/06/areal_logo_small.png?fit=151%2C152&amp;ssl=1" data-large-file="https://i0.wp.com/www.areal-blum.ch/wordpress/wp-content/uploads/2011/06/areal_logo_small.png?fit=151%2C152&amp;ssl=1" tabindex="0" role="button" class="alignnone size-full wp-image-696" alt="areal_logo_small" src="https://i0.wp.com/www.areal-blum.ch/wordpress/wp-content/uploads/2011/06/areal_logo_small.png?resize=50%2C50&#038;ssl=1" width="50" height="50" srcset="https://i0.wp.com/www.areal-blum.ch/wordpress/wp-content/uploads/2011/06/areal_logo_small.png?w=151&amp;ssl=1 151w, https://i0.wp.com/www.areal-blum.ch/wordpress/wp-content/uploads/2011/06/areal_logo_small.png?resize=98%2C98&amp;ssl=1 98w" sizes="(max-width: 50px) 100vw, 50px" /></p>
<p>Wir <strong>vermieten</strong> den Frontstapler gerne zu den folgenden Konditionen:</p>
<ul>
<li>Betriebsstd. ohne Fahrer zu CHF 90.- pro Std *</li>
<li>Betriebsstd. mit Fahrer zu CHF 150.- pro Std</li>
</ul>
<p>* Bitte beachten Sie: der Lenker des Frontstaplers muss versicherungstechnisch und von Gesetzes wegen über eine Staplerprüfung verfügen.</p>

<p>Die technischen Daten zu diesem Gerät: Marke: Toyota Typ: 5 FD-70 Tragkraft: 7 to Hubhöhe: 4.30m Bauhöhe: 2.70m Hubgerüst: Triplex-Vollfreihub mit Seitenschieber Gabellänge: 1.20m Der Frontstapler ist für den Strassenverkehr zugelassen. Die Erfassung der zu verrechnenden Zeit erfolgt elektronisch mittels&hellip;</p>
<p class="more-link-p"><a class="btn btn-primary" href="https://www.areal-blum.ch/wordpress/?page_id=56">mehr &#8230;</a></p>
